{"id":789,"date":"2015-07-31T14:30:44","date_gmt":"2015-07-31T13:30:44","guid":{"rendered":"http:\/\/www.pajueloapicultura.com\/escuela\/?page_id=789"},"modified":"2015-07-31T14:30:44","modified_gmt":"2015-07-31T13:30:44","slug":"politica-de-cookies","status":"publish","type":"page","link":"https:\/\/pajueloapicultura.com\/escuela\/politica-de-cookies\/","title":{"rendered":"Politica de cookies"},"content":{"rendered":"<p><strong>Pol\u00edtica de cookies<\/strong><\/p>\n<p>En A.G.Pajuelo .\u00a0utilizamos cookies con el objetivo de hacer m\u00e1s funcional y \u00fatil la navegaci\u00f3n de los usuarios en nuestra p\u00e1gina Web. En este sentido y con el objetivo de garantizar al usuario toda la informaci\u00f3n necesaria para su correcta navegaci\u00f3n, ponemos a disposici\u00f3n del usuario el siguiente texto informativo sobre qu\u00e9 son las cookies, qu\u00e9 tipolog\u00eda de cookies existen en nuestra p\u00e1gina Web y c\u00f3mo puede el usuario configurarlas o deshabilitarlas.<\/p>\n<ol>\n<li>Qu\u00e9 son las cookies<\/li>\n<\/ol>\n<p>Actualmente, todas las p\u00e1ginas Web, independientemente del servicio que presten, utilizan cookies, es decir, guardan una informaci\u00f3n m\u00ednima de la utilizaci\u00f3n realizada por el usuario en la p\u00e1gina Web. Una cookie puede definirse como un peque\u00f1o archivo de texto o dispositivo de uso generalizado que se descarga en el equipo terminal del usuario cuando navega por las p\u00e1ginas Web con la finalidad de almacenar datos que podr\u00e1n ser actualizados y recuperados por la entidad responsable de su instalaci\u00f3n.<\/p>\n<ol start=\"2\">\n<li>Tipolog\u00eda de cookies<\/li>\n<\/ol>\n<p>Las cookies utilizadas en la presente p\u00e1gina Web son:<\/p>\n<ul>\n<li>Cookies \u201cestrictamente necesarias\u201d<\/li>\n<\/ul>\n<p>Son aquellas cookies consideradas imprescindibles para la navegaci\u00f3n por la p\u00e1gina web pues facilitan al usuario la utilizaci\u00f3n de sus prestaciones o herramientas como, por ejemplo, identificar la sesi\u00f3n, acceder a partes de acceso restringido, recordar los elementos que integran un pedido, realizar el proceso de compra de un pedido, entre otros. Sin estas cookies, las funciones mencionadas quedar\u00edan inhabilitadas.<\/p>\n<ul>\n<li>Cookies sobre comportamiento<\/li>\n<\/ul>\n<p>Son aquellas cookies cuyo objetivo es la recopilaci\u00f3n de informaci\u00f3n relativa a los usos de navegaci\u00f3n del usuario, como por ejemplo las p\u00e1ginas que son m\u00e1s visitadas, los mensajes de error, entre otros, con el objetivo por parte del responsable, de introducir mejoras en la p\u00e1gina Web en base a la informaci\u00f3n recopilada por estas cookies.<\/p>\n<p>La informaci\u00f3n recopilada por estas cookies es an\u00f3nima no pudiendo identificar al usuario personalmente y por lo tanto se utiliza exclusivamente para el correcto funcionamiento de la P\u00e1gina Web.<\/p>\n<ul>\n<li>Cookies de funcionalidad<\/li>\n<\/ul>\n<p>Son aquellas cookies que permiten recordar a la p\u00e1gina Web las decisiones que el usuario toma, por ejemplo: se almacenar\u00e1 la ubicaci\u00f3n geogr\u00e1fica del usuario para asegurar que se muestra el sitio Web indicado para su regi\u00f3n, el nombre de usuario, el idioma, el tipo de navegador mediante el cual se accede a la p\u00e1gina Web, entre otros. El objetivo es la prestaci\u00f3n de un servicio m\u00e1s personalizado.<\/p>\n<p>La informaci\u00f3n recopilada por estas cookies es an\u00f3nima no pudiendo identificar al usuario personalmente y por lo tanto se utiliza exclusivamente para el funcionamiento de la p\u00e1gina Web.<\/p>\n<ul>\n<li>Cookies de personalizaci\u00f3n y de publicidad<\/li>\n<\/ul>\n<p>Son aquellas cookies que se utilizan por los operadores publicitarios con el permiso del titular de la p\u00e1gina Web, las cuales recogen informaci\u00f3n sobre las preferencias y elecciones del usuario en su navegaci\u00f3n por sitios Web. Se dirigen a las redes de publicidad quienes las utilizan para luego mostrar al usuario anuncios personalizados en otros sitios Web.<\/p>\n<ol start=\"3\">\n<li>Procedimiento de oposici\u00f3n a la instalaci\u00f3n de las cookies<\/li>\n<\/ol>\n<p>La mayor\u00eda de ordenadores aceptan la utilizaci\u00f3n de cookies autom\u00e1ticamente. Sin embargo, el usuario tiene la posibilidad de decidir si mantiene las cookies habilitadas o no en su ordenador. El hecho de deshabilitar las cookies puede implicar la p\u00e9rdida de un funcionamiento \u00f3ptimo de la p\u00e1gina Web quedando inhabilitadas algunas de las caracter\u00edsticas o servicios prestados por la misma. Sin embargo, incluso habiendo desactivado todas las cookies el navegador Web recoge determinada informaci\u00f3n esencial para el funcionamiento b\u00e1sico de la P\u00e1gina Web.<\/p>\n<p>El usuario que quiera deshabilitar las cookies puede hacerlo desde la secci\u00f3n de preferencias de su navegador de Internet. Dependiendo del navegador deber\u00e1 de seguir determinados pasos para modificar la configuraci\u00f3n de las cookies en su ordenador:<\/p>\n<p><a href=\"https:\/\/support.google.com\/chrome\/answer\/95647?hl=es\">Chrome<\/a><br \/>\n<a href=\"http:\/\/support.apple.com\/kb\/HT1677?viewlocale=es_ES&amp;locale=es_ES\">Safari<\/a><br \/>\n<a href=\"http:\/\/support.mozilla.org\/es\/kb\/habilitar-y-deshabilitar-cookies-que-los-sitios-we#w_lcahmo-cambio-la-configuraciahn-de-las-cookies\">Firefox<\/a><a href=\"http:\/\/support.mozilla.org\/es\/kb\/habilitar-y-deshabilitar-cookies-que-los-sitios-we#w_lcahmo-cambio-la-configuraciahn-de-las-cookies\"><br \/>\n<\/a><a href=\"http:\/\/windows.microsoft.com\/es-419\/windows7\/how-to-manage-cookies-in-internet-explorer-9\">Internet Explorer<\/a><\/p>\n<p>&nbsp;<\/p>\n","protected":false},"excerpt":{"rendered":"<p>Pol\u00edtica de cookies En A.G.Pajuelo .\u00a0utilizamos cookies con el objetivo de hacer m\u00e1s funcional y \u00fatil la navegaci\u00f3n de los usuarios en nuestra p\u00e1gina Web. En este sentido y con el objetivo de garantizar al usuario toda la informaci\u00f3n necesaria para su correcta navegaci\u00f3n, ponemos a disposici\u00f3n del usuario el siguiente texto informativo sobre qu\u00e9 [&hellip;]<\/p>\n","protected":false},"author":4,"featured_media":0,"parent":0,"menu_order":0,"comment_status":"closed","ping_status":"open","template":"","meta":{"_acf_changed":false,"_monsterinsights_skip_tracking":false,"_monsterinsights_sitenote_active":false,"_monsterinsights_sitenote_note":"","_monsterinsights_sitenote_category":0,"footnotes":""},"class_list":["post-789","page","type-page","status-publish","hentry"],"acf":[],"aioseo_notices":[],"_links":{"self":[{"href":"https:\/\/pajueloapicultura.com\/escuela\/wp-json\/wp\/v2\/pages\/789","targetHints":{"allow":["GET"]}}],"collection":[{"href":"https:\/\/pajueloapicultura.com\/escuela\/wp-json\/wp\/v2\/pages"}],"about":[{"href":"https:\/\/pajueloapicultura.com\/escuela\/wp-json\/wp\/v2\/types\/page"}],"author":[{"embeddable":true,"href":"https:\/\/pajueloapicultura.com\/escuela\/wp-json\/wp\/v2\/users\/4"}],"replies":[{"embeddable":true,"href":"https:\/\/pajueloapicultura.com\/escuela\/wp-json\/wp\/v2\/comments?post=789"}],"version-history":[{"count":1,"href":"https:\/\/pajueloapicultura.com\/escuela\/wp-json\/wp\/v2\/pages\/789\/revisions"}],"predecessor-version":[{"id":790,"href":"https:\/\/pajueloapicultura.com\/escuela\/wp-json\/wp\/v2\/pages\/789\/revisions\/790"}],"wp:attachment":[{"href":"https:\/\/pajueloapicultura.com\/escuela\/wp-json\/wp\/v2\/media?parent=789"}],"curies":[{"name":"wp","href":"https:\/\/api.w.org\/{rel}","templated":true}]}}