{"id":1098,"date":"2018-07-23T10:36:36","date_gmt":"2018-07-23T09:36:36","guid":{"rendered":"https:\/\/www.pajueloapicultura.com\/escuela\/?page_id=1098"},"modified":"2025-03-06T12:14:49","modified_gmt":"2025-03-06T11:14:49","slug":"condiciones-generales-de-contratacion","status":"publish","type":"page","link":"https:\/\/pajueloapicultura.com\/escuela\/condiciones-generales-de-contratacion\/","title":{"rendered":"CONDICIONES GENERALES DE CONTRATACI\u00d3N"},"content":{"rendered":"<div class=\"wpb-content-wrapper\"><p>[vc_row][vc_column][vc_column_text css=&#8221;.vc_custom_1741259680258{margin-top: 50px !important;}&#8221;]<\/p>\n<h1>CONDICIONES GENERALES DE CONTRATACI\u00d3N<\/h1>\n<p>Este documento contractual regir\u00e1 la contrataci\u00f3n de servicios a trav\u00e9s del sitio web www.pajueloapicultura.com, propiedad\u00a0de PAJUELO CONSULTORES AP\u00cdCOLAS, S.L., en adelante PRESTADOR.<\/p>\n<p>La aceptaci\u00f3n de este documento conlleva que el USUARIO:<\/p>\n<p>&#8211; Ha le\u00eddo, entiende y comprende lo aqu\u00ed expuesto.<\/p>\n<p>&#8211; Es una persona con capacidad suficiente para contratar.<\/p>\n<p>&#8211; Asume todas las obligaciones aqu\u00ed dispuestas.<\/p>\n<p>Estas condiciones tendr\u00e1n un periodo de validez indefinido y ser\u00e1n aplicables a todas las contrataciones realizadas a\u00a0trav\u00e9s del sitio web del PRESTADOR.<\/p>\n<p>El PRESTADOR informa que el comercio es responsable y conoce la legislaci\u00f3n vigente de los pa\u00edses a los que ofrece los\u00a0servicios y se reserva el derecho de modificar unilateralmente las condiciones, sin que ello pueda afectar a los bienes o\u00a0promociones que fueron adquiridos previamente a la modificaci\u00f3n.<\/p>\n<p>Identidad de las partes contratantes<\/p>\n<p>Por un lado, el proveedor de los bienes o servicios contratados por el USUARIO es PAJUELO CONSULTORES\u00a0AP\u00cdCOLAS, S.L., con domicilio social CALLE SANT MIQUEL, 14 &#8211; CASTELL\u00d3N DE LA PLANA 12004 (CASTELL\u00d3N), NIF\u00a0B12969630 y con tel\u00e9fono de atenci\u00f3n al cliente \/ USUARIO 964246494.<\/p>\n<p>Y de otra, el USUARIO, registrado en el sitio web mediante un nombre de usuario y contrase\u00f1a, sobre los que tiene\u00a0responsabilidad plena de uso y custodia, y es responsable de la veracidad de los datos personales facilitados al\u00a0PRESTADOR.<\/p>\n<p>Objeto del contrato<\/p>\n<p>El presente contrato tiene por objeto regular la relaci\u00f3n contractual de compraventa nacida entre el PRESTADOR y el\u00a0USUARIO en el momento en que \u00e9ste acepta durante el proceso de contrataci\u00f3n en l\u00ednea la casilla correspondiente.<\/p>\n<p>La relaci\u00f3n contractual de compraventa conlleva la entrega, a cambio de un precio determinado y p\u00fablicamente expuesto a\u00a0trav\u00e9s del sitio web, de un servicio concreto.<\/p>\n<p>Procedimiento de contrataci\u00f3n<\/p>\n<p>El USUARIO, para poder acceder a los servicios ofrecidos por PRESTADOR, deber\u00e1 darse de alta a trav\u00e9s del sitio web\u00a0mediante la creaci\u00f3n de una cuenta de usuario. Por ello, el USUARIO deber\u00e1 proporcionar de manera libre y voluntaria los\u00a0datos personales que le ser\u00e1n requeridas, los cuales se tratar\u00e1n de conformidad con lo dispuesto en el Reglamento (UE) 2016\/679 de 27 de abril de 2016 (GDPR) relativo a la protecci\u00f3n de las personas f\u00edsicas en lo que respecta al tratamiento\u00a0de datos personales y a la libre circulaci\u00f3n de estos datos detallado en el Aviso legal y Pol\u00edtica de privacidad de este sitio\u00a0web.<\/p>\n<p>El USUARIO seleccionar\u00e1 un nombre de usuario y una contrase\u00f1a, comprometi\u00e9ndose a hacer un uso diligente de los\u00a0mismos y a no ponerlos a disposici\u00f3n de terceros, as\u00ed como a comunicar al PRESTADOR la p\u00e9rdida o robo de los mismos\u00a0o del posible acceso por un tercero no autorizado, de manera que \u00e9ste proceda al bloqueo inmediato.<\/p>\n<p>Una vez ha sido creada la cuenta de usuario, se informa que de conformidad con lo que exige el art\u00edculo 27 de la Ley\u00a034\/2002, de Servicios de la Sociedad de la Informaci\u00f3n y del Comercio Electr\u00f3nico (LSSICE), el procedimiento de\u00a0contrataci\u00f3n seguir\u00e1 los siguientes pasos:<\/p>\n<p>1. Cl\u00e1usulas generales de contrataci\u00f3n.<\/p>\n<p>2. Env\u00edo de pedidos.<\/p>\n<p>3. Derecho de desistimiento.<\/p>\n<p>4. Reclamaciones.<\/p>\n<p>5. Fuerza mayor.<\/p>\n<p>6. Competencia.<\/p>\n<p>7. Generalidades de la oferta.<\/p>\n<p>8. Precio y plazo de validez de la oferta.<\/p>\n<p>9. Gastos de transporte.<\/p>\n<p>10. Forma de pago, gastos y descuentos.<\/p>\n<p>11. Proceso de compra.<\/p>\n<p>12. Garant\u00edas aplicables.<\/p>\n<p>13. Garant\u00edas y devoluciones.<\/p>\n<p>14. Ley aplicable y jurisdicci\u00f3n.<\/p>\n<p>1. CL\u00c1USULAS GENERALES DE CONTRATACI\u00d3N<\/p>\n<p>Salvo estipulaci\u00f3n particular por escrito, la realizaci\u00f3n de un pedido al PRESTADOR supondr\u00e1 la aceptaci\u00f3n por parte del\u00a0USUARIO de estas condiciones legales. Ninguna estipulaci\u00f3n hecha por el USUARIO podr\u00e1 diferir de las del PRESTADOR\u00a0si no ha sido expresamente aceptada por adelantado y por escrito por PRESTADOR.<\/p>\n<p>2. ENV\u00cdO DE PEDIDOS<\/p>\n<p>El PRESTADOR no enviar\u00e1 ning\u00fan comprobante de pedido hasta que haya comprobado que se ha realizado el pago.<\/p>\n<p>Como que el pedido no conlleva la entrega f\u00edsica de ning\u00fan producto, siendo los servicios\u00a0contratados descargados directamente del sitio web, el PRESTADOR informar\u00e1 previamente al USUARIO respecto al\u00a0procedimiento que debe seguir para realizar esta descarga.<\/p>\n<p>3. DERECHO DE DESISTIMIENTO<\/p>\n<p>El USUARIO tiene los mismos derechos y plazos para proceder a realizar la devoluci\u00f3n y \/ o reclamar los posibles vicios o\u00a0defectos que presente el servicio, tanto en modo en l\u00ednea como fuera de l\u00ednea.<\/p>\n<p>El USUARIO dispone de un plazo de catorce d\u00edas naturales, contados a partir de la fecha de recepci\u00f3n del producto, para\u00a0la devoluci\u00f3n del mismo (art\u00edculo 71 de la Ley 3\/2014 de 27 de marzo).<\/p>\n<p>El derecho de desistimiento no podr\u00e1 aplicarse cuando sean servicios personalizados o aquellos, que por razones de\u00a0higiene u otras excepciones legalmente previstas, no sean susceptibles de este derecho.<\/p>\n<p>4. RECLAMACIONES<\/p>\n<p>Cualquier reclamaci\u00f3n que el USUARIO considere oportuna ser\u00e1 atendida en la menor brevedad posible, pudi\u00e9ndose\u00a0realizar en las siguientes direcciones de contacto:<\/p>\n<p>Postal: PAJUELO CONSULTORES AP\u00cdCOLAS, S.L., CALLE SANT MIQUEL, 14 &#8211; CASTELL\u00d3N DE LA PLANA 12004\u00a0(CASTELL\u00d3N)<\/p>\n<p>Tel\u00e9fono: 964246494<\/p>\n<p>Mail: info@pajueloapicultura.com<\/p>\n<p>Resoluci\u00f3n de litigios en l\u00ednea (Online Dispute Resolution)<\/p>\n<p>Conforme al Art. 14.1 del Reglamento (UE) 524\/2013, la Comisi\u00f3n Europea facilita una plataforma de acceso gratuito para\u00a0la resoluci\u00f3n de conflictos online entre el USUARIO y el PRESTADOR, sin necesidad de recurrir a los tribunales de\u00a0justicia, mediante la intervenci\u00f3n de un tercero, llamado Organismo de resoluci\u00f3n de litigios, que act\u00faa de intermediario\u00a0entre ambos. Este organismo es neutral y dialogar\u00e1 con ambas partes para lograr un acuerdo, pudiendo finalmente sugerir\u00a0y\/o imponer una soluci\u00f3n al conflicto.<\/p>\n<p>Enlace a la plataforma ODR: http:\/\/ec.europa.eu\/consumers\/odr\/<\/p>\n<p>5. FUERZA MAYOR<\/p>\n<p>Las partes no incurrir\u00e1n en responsabilidad ante cualquier falta debida a causa mayor. El cumplimiento de la obligaci\u00f3n se\u00a0demorar\u00e1 hasta el cese del caso de fuerza mayor.<\/p>\n<p>6. COMPETENCIA<\/p>\n<p>El USUARIO no podr\u00e1 ceder, transferir o transmitir los derechos, responsabilidades y obligaciones contratados en la venta.<\/p>\n<p>Si alguna estipulaci\u00f3n de estas condiciones fuera considerada nula o de imposible cumplimiento, la validez, legalidad y\u00a0cumplimiento del resto no se ver\u00e1n afectados de ninguna manera, ni sufrir\u00e1n modificaci\u00f3n de ning\u00fan modo.<\/p>\n<p>El USUARIO declara haber le\u00eddo, conocer y aceptar las presentes Condiciones Generales en toda su extensi\u00f3n.<\/p>\n<p>7. GENERALIDADES DE LA OFERTA<\/p>\n<p>Todas las ventas y entregas efectuadas por el PRESTADOR se entender\u00e1n sometidas a las presentes Condiciones\u00a0Generales.<\/p>\n<p>Ninguna modificaci\u00f3n, alteraci\u00f3n o pacto contrario a la Propuesta Comercial de PAJUELO CONSULTORES AP\u00cdCOLAS,\u00a0S.L. o aqu\u00ed estipulado tendr\u00e1 efecto, salvo pacto expreso por escrito firmado por el PRESTADOR, en este caso, estos\u00a0pactos particulares prevalecer\u00e1n.<\/p>\n<p>Dados los continuos avances t\u00e9cnicos y mejoras de los servicios, el PRESTADOR se reserva la facultad de modificar sus\u00a0especificaciones respecto de la informaci\u00f3n facilitada en su publicidad, hasta que no afecte el valor de los servicios\u00a0ofrecidos. Estas modificaciones tendr\u00e1n asimismo validez en caso de que, por cualquier causa, se viera afectada la\u00a0posibilidad de suministro de los servicios ofrecidos.<\/p>\n<p>8. PRECIO Y PLAZO DE VALIDEZ DE LA OFERTA<\/p>\n<p>Los precios que se indican respecto de cada serviciono incluyen el Impuesto sobre el Valor A\u00f1adido (IVA) u otros\u00a0impuestos que pudieran ser aplicables. Estos precios, a menos que se indique expresamente lo contrario, no incluyen los\u00a0gastos de env\u00edo, manipulaci\u00f3n, envoltorio, seguro de env\u00edos o cualesquiera otros servicios adicionales y anexos al servicio\u00a0adquirido.<\/p>\n<p>Los precios aplicables a cada servicio son los publicados en el sitio web y se expresar\u00e1n en la moneda EURO. El\u00a0USUARIO asume que la valoraci\u00f3n econ\u00f3mica de algunos de los servicios podr\u00e1 variar en tiempo real.<\/p>\n<p>Antes de realizar la compra podr\u00e1 comprobar en l\u00ednea todos los detalles del presupuesto: servicios, cantidades, precio,\u00a0disponibilidad, gastos, cargos, descuentos, impuestos y el total de la compra. Los precios pueden cambiar diariamente\u00a0mientras no se realice el pedido.<\/p>\n<p>Una vez realizado el pedido, los precios se mantendr\u00e1n tanto si hay disponibilidad de servicios como si no.<\/p>\n<p>Todo pago realizado al PRESTADOR conlleva la emisi\u00f3n de una factura a nombre del USUARIO registrado o de la raz\u00f3n\u00a0social que \u00e9ste haya informado en el momento de realizar el pedido. Esta factura ser\u00e1 enviada junto con el servicio\u00a0adquirido, as\u00ed como en PDF a la direcci\u00f3n de correo electr\u00f3nico proporcionada por el USUARIO.<\/p>\n<p>Para cualquier informaci\u00f3n sobre el pedido, el USUARIO podr\u00e1 contactar a trav\u00e9s del tel\u00e9fono de atenci\u00f3n al cliente del\u00a0PRESTADOR 964246494 o v\u00eda correo electr\u00f3nico a la direcci\u00f3n info@pajueloapicultura.com.<\/p>\n<p>9. GASTOS DE TRANSPORTE<\/p>\n<p>No existen gastos de transporte.<\/p>\n<p>10. FORMAS DE PAGO, CARGOS Y DESCUENTOS<\/p>\n<p>El PRESTADOR posibilita las siguientes formas para efectuar el pago de un pedido:<\/p>\n<p>\u2022 Transferencia bancaria: se aplicar\u00e1 un descuento para los antiguos alumnos de cursos online.<\/p>\n<p>\u2022 Pay Pal: No admite pagos con descuentos (de antiguos alumnos). \u00danicamente admite pagos de nuevos alumnos.<\/p>\n<p>11. PROCESO DE COMPRA<\/p>\n<p>Cesta (simulaci\u00f3n de presupuesto)<\/p>\n<p>Cualquier servicio de nuestro cat\u00e1logo se puede a\u00f1adir a la cesta. En \u00e9sta, s\u00f3lo se observar\u00e1n los servicios, la cantidad, el\u00a0precio y el importe total. Una vez guardada la cesta se proceder\u00e1 a calcular los impuestos, cargos y descuentos.<\/p>\n<p>Las cestas no tienen ninguna vinculaci\u00f3n administrativa, s\u00f3lo es un apartado donde se puede simular un presupuesto sin\u00a0ning\u00fan compromiso por ambas partes.<\/p>\n<p>Desde la cesta se puede hacer un presupuesto siguiendo los 3 pasos necesarios para la correcta formalizaci\u00f3n:<\/p>\n<p>1. &#8211; Comprobaci\u00f3n de los datos de facturaci\u00f3n.<\/p>\n<p>2. &#8211; Selecci\u00f3n de la forma de pago.<\/p>\n<p>3. &#8211; Realizar el pedido (comprar).<\/p>\n<p>Una vez procesado el presupuesto, el sistema env\u00eda instant\u00e1neamente un correo electr\u00f3nico al departamento de gesti\u00f3n\u00a0del PRESTADOR.<\/p>\n<p>12. GARANT\u00cdAS APLICABLES<\/p>\n<p>Todos los servicios ofrecidos a trav\u00e9s del sitio web tienen un periodo de garant\u00eda de dos a\u00f1os, conforme a los criterios y\u00a0condiciones descritos en el Real Decreto Legislativo 1\/2007, de 16 de noviembre, por el que se aprueba el texto refundido\u00a0de la Ley General para la Defensa de los consumidores y usuarios y otras leyes complementarias.<\/p>\n<p>13. GARANT\u00cdAS Y DEVOLUCIONES<\/p>\n<p>La garant\u00eda de los servicios ofrecidos responder\u00e1n a los siguientes art\u00edculos basados en la Ley 23\/2003 de 10 de julio de\u00a0Garant\u00edas de venta de bienes de consumo:<\/p>\n<p>I) Conformidad de los servicios con el contrato<\/p>\n<p>1. Salvo prueba en contrario, se entender\u00e1 que los servicios son conformes con el contrato siempre que cumplan todos los\u00a0requisitos que se expresan a continuaci\u00f3n, salvo que por las circunstancias del caso alguno de ellos no resulte aplicable:<\/p>\n<p>a) Se ajusten a la descripci\u00f3n realizada por PAJUELO CONSULTORES AP\u00cdCOLAS, S.L..<\/p>\n<p>b) Sean aptos para los usos a que ordinariamente se destinen los servicios del mismo tipo.<\/p>\n<p>c) Sean aptos para cualquier uso especial requerido por el cliente cuando lo haya puesto en conocimiento de PAJUELO\u00a0CONSULTORES AP\u00cdCOLAS, S.L. en el momento de la celebraci\u00f3n del contrato, siempre que \u00e9ste haya admitido que el\u00a0servicio es apto para este uso.<\/p>\n<p>d) Presenten la calidad y prestaciones habituales de un servicio del mismo tipo que el cliente pueda fundadamente\u00a0esperar, habida cuenta de la naturaleza de \u00e9ste y, en su caso, de las descripciones sobre las caracter\u00edsticas concretas de\u00a0los servicios hechas por PAJUELO CONSULTORES AP\u00cdCOLAS, S.L..<\/p>\n<p>e) PAJUELO CONSULTORES AP\u00cdCOLAS, S.L. describe los detalles, las caracter\u00edsticas y las fotograf\u00edas de los servicios\u00a0facilitados por el productor de los mismos, de manera que no queda obligado por estas declaraciones p\u00fablicas.<\/p>\n<p>2. La falta de conformidad que resulte de una incorrecta prestaci\u00f3n del servicio se equiparar\u00e1 a la falta de conformidad del\u00a0mismo cuando la prestaci\u00f3n est\u00e9 incluida en el contrato de servicios y haya sido realizada por PAJUELO CONSULTORES\u00a0AP\u00cdCOLAS, S.L. o bajo su responsabilidad, o por el USUARIO cuando la prestaci\u00f3n defectuosa se deba a un error en las\u00a0instrucciones establecidas en el mismo.<\/p>\n<p>3. No proceder\u00e1 la responsabilidad por faltas de conformidad que el USUARIO conozca o no haya podido ignorar en el\u00a0momento de la celebraci\u00f3n del contrato o que tengan su origen en servicios suministrados por el USUARIO.<\/p>\n<p>II) Responsabilidad del PRESTADOR<\/p>\n<p>PAJUELO CONSULTORES AP\u00cdCOLAS, S.L. responder\u00e1 ante el USUARIO de cualquier falta de conformidad que exista\u00a0en el momento de la entrega del servicio. PAJUELO CONSULTORES AP\u00cdCOLAS, S.L. reconoce al USUARIO el derecho a\u00a0la reparaci\u00f3n del servicio, a su sustituci\u00f3n, a la rebaja del precio y a la resoluci\u00f3n del contrato.<\/p>\n<p>III) Reparaci\u00f3n y sustituci\u00f3n de los servicios<\/p>\n<p>1. Si el servicio no es conforme con el contrato, el USUARIO podr\u00e1 optar entre exigir la reparaci\u00f3n o la sustituci\u00f3n del\u00a0mismo, salvo que una de estas opciones resulte imposible o desproporcionada. Desde el momento en que el USUARIO\u00a0comunique a PAJUELO CONSULTORES AP\u00cdCOLAS, S.L. la opci\u00f3n elegida, ambas partes deber\u00e1n atenerse. Esta\u00a0decisi\u00f3n del USUARIO se entiende sin perjuicio de lo dispuesto en el art\u00edculo IV siguiente para los supuestos en que la\u00a0reparaci\u00f3n o la sustituci\u00f3n no logren poner el servicio en conformidad con el contrato.<\/p>\n<p>2. Se considerar\u00e1 desproporcionada toda forma de saneamiento que imponga a PAJUELO CONSULTORES AP\u00cdCOLAS,\u00a0S.L. costes que, en comparaci\u00f3n con la otra forma de saneamiento, no sean razonables, teniendo en cuenta el valor que\u00a0tendr\u00eda el servicio si no hubiera falta de conformidad, la relevancia de la falta de conformidad y si la forma de saneamiento\u00a0alternativa se pudiese realizar sin inconvenientes mayores para el USUARIO.<\/p>\n<p>IV) Reglas de la reparaci\u00f3n o sustituci\u00f3n del servicio<\/p>\n<p>La reparaci\u00f3n y la sustituci\u00f3n se ajustar\u00e1n a las siguientes reglas:<\/p>\n<p>a) Ser\u00e1n gratuitas para el USUARIO.<\/p>\n<p>b) Se llevar\u00e1n a cabo en un plazo razonable y sin mayores inconvenientes para el usuario, teniendo en cuenta la\u00a0naturaleza de los servicios y la finalidad que tuvieran para el USUARIO.<\/p>\n<p>c) La reparaci\u00f3n suspende el c\u00f3mputo de los plazos a que se refiere el art\u00edculo VII. El per\u00edodo de suspensi\u00f3n comenzar\u00e1\u00a0desde que el USUARIO lo ponga en conocimiento de PAJUELO CONSULTORES AP\u00cdCOLAS, S.L. y concluir\u00e1 con la\u00a0entrega al USUARIO del servicio ya reparado. Durante los seis meses posteriores a la entrega del servicio reparado,\u00a0PAJUELO CONSULTORES AP\u00cdCOLAS, S.L. responder\u00e1 de las faltas de conformidad que motivaron la reparaci\u00f3n. Se\u00a0presume que se trata de la misma falta de conformidad cuando se reproduzcan en el servicio defectos del mismo origen\u00a0que los inicialmente manifestados.<\/p>\n<p>d) La sustituci\u00f3n suspende los plazos a que se refiere el art\u00edculo VII desde el ejercicio de la opci\u00f3n hasta la entrega del\u00a0nuevo servicio. Al servicio sustituto le ser\u00e1 de aplicaci\u00f3n, en todo caso, el segundo p\u00e1rrafo del art\u00edculo VII.<\/p>\n<p>e) Si concluida la reparaci\u00f3n y entregado el servicio, \u00e9ste sigue siendo no conforme con el contrato, el USUARIO podr\u00e1\u00a0exigir la sustituci\u00f3n del mismo, dentro de los l\u00edmites establecidos en el apartado 2 del art\u00edculo IV, o la rebaja del precio o la\u00a0resoluci\u00f3n del contrato en los t\u00e9rminos del art\u00edculo V.<\/p>\n<p>f) Si la sustituci\u00f3n no logra poner el servicio en conformidad con el contrato, el USUARIO podr\u00e1 exigir la reparaci\u00f3n del\u00a0mismo, dentro de los l\u00edmites establecidos en el apartado 2 del art\u00edculo IV, o la rebaja del precio o la resoluci\u00f3n del contrato\u00a0en los t\u00e9rminos de los art\u00edculos V y VI.<\/p>\n<p>V) Rebaja del precio y resoluci\u00f3n del contrato<\/p>\n<p>La rebaja del precio y la resoluci\u00f3n del contrato proceder\u00e1n, a elecci\u00f3n del USUARIO, cuando \u00e9ste no pueda exigir la\u00a0reparaci\u00f3n o la sustituci\u00f3n del servicio y en los casos en que \u00e9stas no se hayan llevado a cabo en plazo razonable o sin\u00a0mayores inconvenientes para el USUARIO. La resoluci\u00f3n no proceder\u00e1 cuando la falta de conformidad sea de escasa\u00a0importancia.<\/p>\n<p>VI) Criterios para la rebaja del precio<\/p>\n<p>La rebaja del precio ser\u00e1 proporcional a la diferencia existente entre el valor que el servicio hubiera tenido en el momento\u00a0de la entrega de haber sido conforme con el contrato y el valor que el servicio efectivamente entregado ten\u00eda en el\u00a0momento de la entrega.<\/p>\n<p>VII) Plazos<\/p>\n<p>1. PAJUELO CONSULTORES AP\u00cdCOLAS, S.L. responde de las faltas de conformidad que se manifiesten en un plazo de\u00a0dos a\u00f1os desde la entrega.<\/p>\n<p>Salvo prueba en contrario, se presumir\u00e1 que las faltas de conformidad que se manifiesten en los seis meses posteriores a\u00a0la entrega ya exist\u00edan cuando el servicio se entreg\u00f3, excepto cuando esta presunci\u00f3n sea incompatible con la naturaleza\u00a0del servicio o la \u00edndole de la falta de conformidad.<\/p>\n<p>2. Salvo prueba en contrario, la entrega se entiende hecha el d\u00eda que figure en la factura o etiqueta de compra, o en el\u00a0albar\u00e1n de entrega correspondiente si \u00e9ste fuera posterior.<\/p>\n<p>3. La acci\u00f3n para reclamar el cumplimiento de lo previsto en los art\u00edculos anteriores prescribe a los tres a\u00f1os desde la\u00a0entrega del servicio.<\/p>\n<p>4. El USUARIO deber\u00e1 informar a PAJUELO CONSULTORES AP\u00cdCOLAS, S.L. de la falta de conformidad en el plazo de\u00a0dos meses desde que tuvo conocimiento de ella.<\/p>\n<p>Salvo prueba en contrario, se entender\u00e1 que la comunicaci\u00f3n del USUARIO ha tenido lugar dentro del plazo establecido.<\/p>\n<p>VIII) Acci\u00f3n contra el productor<\/p>\n<p>Cuando al USUARIO le resulte imposible o le suponga una carga excesiva dirigirse a PAJUELO CONSULTORES\u00a0AP\u00cdCOLAS, S.L. por falta de conformidad de los servicios con el contrato de prestaci\u00f3n de servicios podr\u00e1 reclamar\u00a0directamente al productor con el fin de obtener la sustituci\u00f3n o reparaci\u00f3n del servicio.<\/p>\n<p>Con car\u00e1cter general, y sin perjuicio de que la responsabilidad del productor cese, en los mismos plazos y condiciones que\u00a0los establecidos para PAJUELO CONSULTORES AP\u00cdCOLAS, S.L., el productor responder\u00e1 por la falta de conformidad\u00a0cuando \u00e9sta se refiera al origen, identidad o idoneidad de los servicios, de acuerdo con su naturaleza y finalidad y con las\u00a0normas que los regulan.<\/p>\n<p>Se entiende por productor, el responsable de un servicio o el importador del mismo en el territorio de la Uni\u00f3n Europea o a\u00a0cualquier persona que se presente como tal al indicar en el servicio su nombre, marca u otro signo distintivo.<\/p>\n<p>Quien haya respondido frente al USUARIO, dispondr\u00e1 del plazo de un a\u00f1o para repetir de responsable de la falta de\u00a0conformidad. Este plazo se computar\u00e1 a partir del momento en que se complet\u00f3 el saneamiento.<\/p>\n<p>14. LEY APLICABLE Y JURISDICCI\u00d3N<\/p>\n<p>Estas condiciones se regir\u00e1n o interpretar\u00e1n conforme a la legislaci\u00f3n espa\u00f1ola en aquello que no est\u00e9 expresamente\u00a0establecido. El PRESTADOR y el USUARIO acuerdan someter cualquier controversia que pudiera suscitarse de la\u00a0prestaci\u00f3n de los servicios objeto de estas Condiciones de los juzgados y tribunales del domicilio del USUARIO.<\/p>\n<p>En caso de que el USUARIO tenga su domicilio fuera de Espa\u00f1a, el PRESTADOR y el USUARIO renuncian expresamente\u00a0a cualquier otro foro, someti\u00e9ndose a los Juzgados y Tribunales m\u00e1s cercanos a la poblaci\u00f3n de CASTELL\u00d3N DE LA\u00a0PLANA (Espa\u00f1a).[\/vc_column_text][\/vc_column][\/vc_row]<\/p>\n<\/div>","protected":false},"excerpt":{"rendered":"<p>[vc_row][vc_column][vc_column_text css=&#8221;.vc_custom_1741259680258{margin-top: 50px !important;}&#8221;] CONDICIONES GENERALES DE CONTRATACI\u00d3N Este documento contractual regir\u00e1 la contrataci\u00f3n de servicios a trav\u00e9s del sitio web www.pajueloapicultura.com, propiedad\u00a0de PAJUELO CONSULTORES AP\u00cdCOLAS, S.L., en adelante PRESTADOR. La aceptaci\u00f3n de este documento conlleva que el USUARIO: &#8211; Ha le\u00eddo, entiende y comprende lo aqu\u00ed expuesto. &#8211; Es una persona con capacidad suficiente [&hellip;]<\/p>\n","protected":false},"author":2,"featured_media":0,"parent":0,"menu_order":0,"comment_status":"closed","ping_status":"closed","template":"","meta":{"_acf_changed":false,"_monsterinsights_skip_tracking":false,"_monsterinsights_sitenote_active":false,"_monsterinsights_sitenote_note":"","_monsterinsights_sitenote_category":0,"footnotes":""},"class_list":["post-1098","page","type-page","status-publish","hentry"],"acf":[],"aioseo_notices":[],"_links":{"self":[{"href":"https:\/\/pajueloapicultura.com\/escuela\/wp-json\/wp\/v2\/pages\/1098","targetHints":{"allow":["GET"]}}],"collection":[{"href":"https:\/\/pajueloapicultura.com\/escuela\/wp-json\/wp\/v2\/pages"}],"about":[{"href":"https:\/\/pajueloapicultura.com\/escuela\/wp-json\/wp\/v2\/types\/page"}],"author":[{"embeddable":true,"href":"https:\/\/pajueloapicultura.com\/escuela\/wp-json\/wp\/v2\/users\/2"}],"replies":[{"embeddable":true,"href":"https:\/\/pajueloapicultura.com\/escuela\/wp-json\/wp\/v2\/comments?post=1098"}],"version-history":[{"count":13,"href":"https:\/\/pajueloapicultura.com\/escuela\/wp-json\/wp\/v2\/pages\/1098\/revisions"}],"predecessor-version":[{"id":2238,"href":"https:\/\/pajueloapicultura.com\/escuela\/wp-json\/wp\/v2\/pages\/1098\/revisions\/2238"}],"wp:attachment":[{"href":"https:\/\/pajueloapicultura.com\/escuela\/wp-json\/wp\/v2\/media?parent=1098"}],"curies":[{"name":"wp","href":"https:\/\/api.w.org\/{rel}","templated":true}]}}